{"id":274,"date":"2021-04-28T17:06:38","date_gmt":"2021-04-28T17:06:38","guid":{"rendered":"http:\/\/www.endogene.fr\/?page_id=274"},"modified":"2021-04-28T18:33:45","modified_gmt":"2021-04-28T18:33:45","slug":"demarche-jean-paul-nogues","status":"publish","type":"page","link":"http:\/\/www.endogene.fr\/?page_id=274","title":{"rendered":"D\u00c9MARCHE ARTISTIQUE JEAN-PAUL NOGU\u00c8S"},"content":{"rendered":"<p><em>Seuls l\u2019amour et l\u2019art rendent l\u2019existence tol\u00e9rable. <\/em> William Somerset Maugham<\/p>\n<p>\u00ab\u00a0Petit-fils d\u2019immigr\u00e9 r\u00e9publicain espagnol, mon travail est travers\u00e9 par une \u00e9nergie libertaire de par mes convictions mais aussi au sens o\u00f9 mon activit\u00e9 est solitaire et veut s\u2019affranchir des r\u00e9flexes de la photographie acad\u00e9mique. Fils unique, c\u2019est seul que j\u2019ai cr\u00e9\u00e9 mon univers d\u2019images mentales. Si le geste photographique est souvent r\u00e9duit \u00e0 \u00ab\u00a0l\u2019instant d\u00e9cisif\u00a0\u00bb cher \u00e0 Cartier Bresson, je m\u2019inscris plut\u00f4t dans une recherche de \u00ab\u00a0l\u2019instant contemplatif\u00a0\u00bb. Ces quelques secondes de temps suspendu o\u00f9 les corps et les \u00e9l\u00e9ments se figent et o\u00f9 les \u00e9motions se cristallisent.<\/p>\n<p>Toujours \u00e0 l\u2019aff\u00fbt de moments de vie, publics ou intimes, avec un refus du spectaculaire comme sujet ou valeur photographique, je recherche la simplicit\u00e9 de la capture d\u2019image et le geste facile comme on pouvait le faire avec les appareils Lomo ou Zenit au faible piqu\u00e9. Comme l\u2019a dit Jean-Luc Godard avec malice : \u00ab\u00a0Les Impressionnistes, ce n\u2019\u00e9tait pas de la Haute D\u00e9finition !\u00a0\u00bb<\/p>\n<p>Mon univers tourne autour des th\u00e8mes de la condition humaine, la nature, le corps et l\u2019intime. De la figuration \u00e0 l\u2019abstraction, je d\u00e9veloppe un regard sensible conjuguant \u00e9tranget\u00e9 et passion. Ma vision du corps f\u00e9minin \u00e9carte la vulgarit\u00e9 et les st\u00e9r\u00e9otypes glamour de la photo de nu en respectant les corps dans leurs singularit\u00e9s et leurs histoires, allant d\u2019une d\u00e9licate suggestion \u00e0 un \u00e9rotisme jubilatoire.<\/p>\n<p>Ma pratique et ma culture du cin\u00e9ma exp\u00e9rimental font que je r\u00e9alise mes clich\u00e9s sans appr\u00eat, dans une sorte de transe fulgurante proche d\u2019un bref \u00e9tat de conscience modifi\u00e9. Parmi mes travaux en noir et blanc intitul\u00e9s <em>achromaties<\/em>, je d\u00e9ploie plusieurs recherches : la prise de vue non recadr\u00e9e, la double exposition sur un m\u00eame lieu et l\u2019abstraction tapie dans la r\u00e9alit\u00e9. La question des proc\u00e9d\u00e9s des prises de vues est pour moi accessoire et on se trompe souvent sur ma technique photographique. J\u2019effectue mes prises de vues en num\u00e9rique avec un Canon EOS M50 et un iPhone 8 Plus. J\u2019utilise l\u2019application pour smartphone Hipstamatic \u00e0 la prise de vue ou en post-production en d\u00e9tournant ses pr\u00e9-r\u00e9glages par une manipulation manuelle des param\u00e8tres. Puis je retourne sur Photoshop pour finaliser mes photographies avant tirage.<\/p>\n<p>Chacune de mes photos est une pi\u00e8ce de puzzle d\u2019un voyage int\u00e9rieur au long cours. Avec, quelque soit le lieu ou le moment, un point de vue intime, un regard personnel m\u00e9lancolique ou \u00e9merveill\u00e9 \u00bb.<\/p>\n","protected":false},"excerpt":{"rendered":"<p>Seuls l\u2019amour et l\u2019art rendent l\u2019existence tol\u00e9rable. William Somerset Maugham \u00ab\u00a0Petit-fils d\u2019immigr\u00e9 r\u00e9publicain espagnol, mon travail est travers\u00e9 par une \u00e9nergie libertaire de par mes convictions mais aussi au sens o\u00f9 mon activit\u00e9 est solitaire et veut s\u2019affranchir des r\u00e9flexes de la photographie acad\u00e9mique. Fils unique, c\u2019est seul que j\u2019ai cr\u00e9\u00e9 mon univers d\u2019images mentales. &hellip; <\/p>\n<p class=\"link-more\"><a href=\"http:\/\/www.endogene.fr\/?page_id=274\" class=\"more-link\">Continuer la lecture<span class=\"screen-reader-text\"> de &laquo;&nbsp;D\u00c9MARCHE ARTISTIQUE JEAN-PAUL NOGU\u00c8S&nbsp;&raquo;<\/span><\/a><\/p>\n","protected":false},"author":1,"featured_media":0,"parent":0,"menu_order":0,"comment_status":"closed","ping_status":"closed","template":"","meta":[],"_links":{"self":[{"href":"http:\/\/www.endogene.fr\/index.php?rest_route=\/wp\/v2\/pages\/274"}],"collection":[{"href":"http:\/\/www.endogene.fr\/index.php?rest_route=\/wp\/v2\/pages"}],"about":[{"href":"http:\/\/www.endogene.fr\/index.php?rest_route=\/wp\/v2\/types\/page"}],"author":[{"embeddable":true,"href":"http:\/\/www.endogene.fr\/index.php?rest_route=\/wp\/v2\/users\/1"}],"replies":[{"embeddable":true,"href":"http:\/\/www.endogene.fr\/index.php?rest_route=%2Fwp%2Fv2%2Fcomments&post=274"}],"version-history":[{"count":4,"href":"http:\/\/www.endogene.fr\/index.php?rest_route=\/wp\/v2\/pages\/274\/revisions"}],"predecessor-version":[{"id":321,"href":"http:\/\/www.endogene.fr\/index.php?rest_route=\/wp\/v2\/pages\/274\/revisions\/321"}],"wp:attachment":[{"href":"http:\/\/www.endogene.fr\/index.php?rest_route=%2Fwp%2Fv2%2Fmedia&parent=274"}],"curies":[{"name":"wp","href":"https:\/\/api.w.org\/{rel}","templated":true}]}}