{"id":305,"date":"2021-04-28T17:48:32","date_gmt":"2021-04-28T17:48:32","guid":{"rendered":"http:\/\/www.endogene.fr\/?page_id=305"},"modified":"2022-02-24T14:24:19","modified_gmt":"2022-02-24T14:24:19","slug":"demarche-artistique-emmanuelle-sarrouy-jean-paul-nogues","status":"publish","type":"page","link":"http:\/\/www.endogene.fr\/?page_id=305","title":{"rendered":"D\u00c9MARCHE ARTISTIQUE EMMANUELLE SARROUY &#038; JEAN-PAUL NOGU\u00c8S"},"content":{"rendered":"<p>D\u00c9MARCHE ARTISTIQUE EMMANUELLE SARROUY &amp; JEAN-PAUL NOGU\u00c8S<\/p>\n<p><em>\u00ab\u00a0[\u2026] certaines images sont un bien pr\u00e9cieux ins\u00e9parable de ce qui construit l\u2019humanit\u00e9, <\/em><br \/>\n<em>car [l\u2019image] est solidaire de la parole et de la pens\u00e9e. En cela, elles sont le lieu <\/em><br \/>\n<em>de construction de l\u2019homme et de son rapport au monde.\u00a0\u00bb<\/em><br \/>\n<em>Marie-Jos\u00e9 Mondzain, Le Commerce des regards, cit\u00e9e par Marie-Fran\u00e7oise Grange in L\u2019autoportrait en cin\u00e9ma.<\/em><\/p>\n<p>C&rsquo;est une histoire d&rsquo;Id\u00e9e en marche, de danse et de r\u00e9sistances\u2026 C\u2019est une histoire d\u2019incarnation et d\u2019exaltation. Du corps, des mots, du rythme, des lumi\u00e8res \u00e9clairantes, des lumi\u00e8res enveloppantes. Projections incandescentes d\u00e9(toiles)filantes\u2026 \u00ab\u00a0Suppl\u00e9ments d&rsquo;\u00e2mes\u00a0\u00bb est une \u0153uvre qui de fa\u00e7on tr\u00e8s contemporaine allie plusieurs disciplines artistiques : la po\u00e9sie, la danse et l&rsquo;art vid\u00e9o.<\/p>\n<p>C&rsquo;est d&rsquo;abord un texte \u00e9voquant comment un corps peut porter et revendiquer une id\u00e9e et la sublimer. Ensuite, c&rsquo;est par la danse que cette id\u00e9e est incarn\u00e9e : dans la p\u00e9nombre, une danseuse se d\u00e9voile, travers\u00e9e par le faisceau lumineux de la projection vid\u00e9o d&rsquo;images sur son corps. Des trac\u00e9s de lumi\u00e8res color\u00e9es virevoltent pour dessiner sa silhouette en mouvement, et cr\u00e9er une vision po\u00e9tique et magique. Les mots, les images et la danseuse, dans une osmose sans cesse renouvel\u00e9e, rythment l\u2019espace o\u00f9 ils nous ont convi\u00e9 en un po\u00e8me tourbillon incantatoire. Exposer, projeter, c\u2019est mettre en avant, jeter avec force au devant de soi. Mettre en action, en mouvement dans un espace\/temps qui devient \u00ab\u00a0autre\u00a0\u00bb et permet par sa transformation d\u2019\u00a0\u00ab\u00a0envisager autrement\u00a0\u00bb. Le corps\/portrait et ses multiples facettes, comme une performance de nos miroirs intimes pour dire le monde autrement.<\/p>\n<p>Il y a ce film-gen\u00e8se qui nous a accompagn\u00e9s tout au long du processus de cr\u00e9ation. La petite femme nue dessin\u00e9e et film\u00e9e par Berthold Bartosch se glisse dans l\u2019enveloppe et s\u2019en va d\u00e9fendre les causes perdues. L\u2019id\u00e9e -la bien nomm\u00e9e- prend son envol, se diffuse, se multiplie, s\u2019\u00e9toile, s\u2019\u00e9mancipe et rien, pas m\u00eame les plus sombres parts de nous-m\u00eames et de notre histoire, ne pourra l\u2019arr\u00eater.<\/p>\n<p>Il y a cette id\u00e9e que nous poursuivons, chacun \u00e0 notre mani\u00e8re, de creuser, chercher dans le mouvement, les corps, la mati\u00e8re et la lumi\u00e8re notre part d\u2019humanit\u00e9, cette humanit\u00e9 sans cesse insaisissable car toujours en perp\u00e9tuel devenir et paradoxalement pr\u00e9gnante, r\u00e9sistante, persistante, brillante\u2026 Fulgurante. Suivre la danseuse \u00e9toile filante dans la fluidit\u00e9 color\u00e9e d\u2019un chant \u00e9vanescent. Tenter de comprendre (au sens de prendre avec). Travailler le corps\/portrait dans le mouvement et l\u2019immobilit\u00e9, dans la pr\u00e9sence immanente, l\u2019apparition et la disparition, dans le geste, dans le raccord \u00e9ph\u00e9m\u00e8re, les \u00e9clats de textes et de lumi\u00e8res, dans la relation du texte \u00e0 l\u2019image et de l\u2019image au texte, dans la fulgurance de l\u2019id\u00e9e. Port\u00e9e aux nues, amoureusement. Car il s\u2019agit toujours d\u2019un \u00e9lan, d\u2019une pulsion, un chant vital port\u00e9 par les vibrations, les ondes et le souffle musical. Une \u00e9tincelle magique s\u2019empare des gestes et des regards et nous entraine dans une danse qui porte la m\u00e9moire des hommes et leur devenir. Entre le mot, le geste, la projection lumineuse bouillonnent des courants d\u2019amour. Le flux po\u00e9tique nous embarque et nous invite \u00e0 sonder l\u2019\u00e2me humaine pour mieux d\u00e9fendre une certaine id\u00e9e du monde\u2026 Avec, \u00e0 l\u2019instar des animaux-totems de Nicolas Bouvier, pour parrains et pour marraines les oiseaux et les sir\u00e8nes.<\/p>\n<p>Emmanuelle Sarrouy et Jean-Paul Nogu\u00e8s \u2013 Marseille, juin 2015<\/p>\n<p>&nbsp;<\/p>\n","protected":false},"excerpt":{"rendered":"<p>D\u00c9MARCHE ARTISTIQUE EMMANUELLE SARROUY &amp; JEAN-PAUL NOGU\u00c8S \u00ab\u00a0[\u2026] certaines images sont un bien pr\u00e9cieux ins\u00e9parable de ce qui construit l\u2019humanit\u00e9, car [l\u2019image] est solidaire de la parole et de la pens\u00e9e. En cela, elles sont le lieu de construction de l\u2019homme et de son rapport au monde.\u00a0\u00bb Marie-Jos\u00e9 Mondzain, Le Commerce des regards, cit\u00e9e par &hellip; <\/p>\n<p class=\"link-more\"><a href=\"http:\/\/www.endogene.fr\/?page_id=305\" class=\"more-link\">Continuer la lecture<span class=\"screen-reader-text\"> de &laquo;&nbsp;D\u00c9MARCHE ARTISTIQUE EMMANUELLE SARROUY &#038; JEAN-PAUL NOGU\u00c8S&nbsp;&raquo;<\/span><\/a><\/p>\n","protected":false},"author":1,"featured_media":0,"parent":0,"menu_order":0,"comment_status":"closed","ping_status":"closed","template":"","meta":[],"_links":{"self":[{"href":"http:\/\/www.endogene.fr\/index.php?rest_route=\/wp\/v2\/pages\/305"}],"collection":[{"href":"http:\/\/www.endogene.fr\/index.php?rest_route=\/wp\/v2\/pages"}],"about":[{"href":"http:\/\/www.endogene.fr\/index.php?rest_route=\/wp\/v2\/types\/page"}],"author":[{"embeddable":true,"href":"http:\/\/www.endogene.fr\/index.php?rest_route=\/wp\/v2\/users\/1"}],"replies":[{"embeddable":true,"href":"http:\/\/www.endogene.fr\/index.php?rest_route=%2Fwp%2Fv2%2Fcomments&post=305"}],"version-history":[{"count":3,"href":"http:\/\/www.endogene.fr\/index.php?rest_route=\/wp\/v2\/pages\/305\/revisions"}],"predecessor-version":[{"id":387,"href":"http:\/\/www.endogene.fr\/index.php?rest_route=\/wp\/v2\/pages\/305\/revisions\/387"}],"wp:attachment":[{"href":"http:\/\/www.endogene.fr\/index.php?rest_route=%2Fwp%2Fv2%2Fmedia&parent=305"}],"curies":[{"name":"wp","href":"https:\/\/api.w.org\/{rel}","templated":true}]}}