{"id":315,"date":"2021-04-28T18:10:27","date_gmt":"2021-04-28T18:10:27","guid":{"rendered":"http:\/\/www.endogene.fr\/?page_id=315"},"modified":"2022-02-24T15:52:24","modified_gmt":"2022-02-24T15:52:24","slug":"seismes","status":"publish","type":"page","link":"http:\/\/www.endogene.fr\/?page_id=315","title":{"rendered":"S\u00e9isme(s)"},"content":{"rendered":"<p><strong><em>S\u00e9isme(s)<\/em><\/strong>, long po\u00e8me du tremblement, accompagn\u00e9 tant\u00f4t par une guitare aux rythmes tendres et m\u00e9tiss\u00e9s ; tant\u00f4t par une contrebasse profonde et habit\u00e9e. Un d\u00e9chirement de douleur, un chant d\u2019amour, un cri de col\u00e8re\u2026 r\u00e9sonne dans l\u2019espace sonore cr\u00e9\u00e9 par une guitare aux rythmes tendres et m\u00e9tiss\u00e9s.<\/p>\n<p><em><strong>lecture musicale, trois formats : 60 min \/ 40 min \/ 20 min<\/strong><\/em><br \/>\nAutrice, lectrice : Emmanuelle Sarrouy<br \/>\nContrebasse, cr\u00e9ation musicale : Patrick Fern\u00e9<br \/>\nGuitare, cr\u00e9ation musicale : Fr\u00e9d\u00e9ric Salles<br \/>\nCr\u00e9ation 2013 @ Collectif Endog\u00e8ne<\/p>\n<p><strong><em>EXTRAIT<\/em><\/strong><\/p>\n<p>Je m\u2019arrache les cheveux un par un ou par petites poign\u00e9es derri\u00e8re la t\u00eate les cheveux au niveau de la nuque petit \u00e0 petit petits bouts de cheveux bien tir\u00e9s \u00e0 la racine et m\u00e9ticuleusement je m\u2019efforce de les arracher. Et puis au bout d\u2019un moment il y a un trou m\u00eame si on sent aussi au bout de quelques jours une petite tonsure agr\u00e9able au toucher un peu rappeuse mais agr\u00e9able \u00e0 t\u00e2ter sous le bout des doigts il y a un trou. Un trou que je sens du bout des phalanges mais qui ne se voit pas car il est cach\u00e9 par les autres cheveux ceux du dessus ceux plus longs qui cachent le trou. Alors il faut s\u2019arr\u00eater et attendre pour combler le trou. Mais si je m\u2019arrache les cheveux c\u2019est justement en attendant pour combler le vide de l\u2019attente pour penser \u00e0 autre chose pour faire quelque chose qui me permette de penser \u00e0 autre chose. Et pour combler le vide je me fais un trou derri\u00e8re la t\u00eate. En attendant des jours meilleurs, en attendant que les larmes s\u00e8ches, en attendant que le soleil se l\u00e8ve. Je concentre tout le vide derri\u00e8re ma t\u00eate. Toujours il faut attendre, attendre que \u00e7a passe, attendre nos enfants, attendre des nouvelles, attendre une r\u00e9ponse. Attendre. \u00c7a en devient insupportable toute cette attente tout ce temps \u00e0 attendre. Insupportable. Alors on recommence \u00e0 s\u2019arracher les cheveux de plus belle et le trou devient bien lisse plus aucun cheveux sur cette petite surface de cr\u00e2ne tellement lisse qu\u2019il en devient effrayant \u00e0 caresser et le trou s\u2019agrandit vertigineusement ne faisant que d\u00e9voiler de plus en plus le vide que je m\u2019effor\u00e7ais \u00e0 combler en m\u2019arrachant les cheveux.<\/p>\n<p>De la d\u00e9rive des continents<br \/>\n\u00c0 la d\u00e9rive des sentiments<br \/>\nFulgurance de l\u2019\u00e9clair<\/p>\n<p><img decoding=\"async\" loading=\"lazy\" class=\"alignnone  wp-image-405\" src=\"http:\/\/endogene.fr\/wp-content\/uploads\/2022\/02\/Dessin_YvesNelson_09.11_1\u00a9e.sarrouy.jpg\" alt=\"\" width=\"380\" height=\"576\" srcset=\"http:\/\/endogene.fr\/wp-content\/uploads\/2022\/02\/Dessin_YvesNelson_09.11_1\u00a9e.sarrouy.jpg 799w, http:\/\/endogene.fr\/wp-content\/uploads\/2022\/02\/Dessin_YvesNelson_09.11_1\u00a9e.sarrouy-198x300.jpg 198w, http:\/\/endogene.fr\/wp-content\/uploads\/2022\/02\/Dessin_YvesNelson_09.11_1\u00a9e.sarrouy-676x1024.jpg 676w, http:\/\/endogene.fr\/wp-content\/uploads\/2022\/02\/Dessin_YvesNelson_09.11_1\u00a9e.sarrouy-768x1164.jpg 768w\" sizes=\"(max-width: 380px) 100vw, 380px\" \/><\/p>\n","protected":false},"excerpt":{"rendered":"<p>S\u00e9isme(s), long po\u00e8me du tremblement, accompagn\u00e9 tant\u00f4t par une guitare aux rythmes tendres et m\u00e9tiss\u00e9s ; tant\u00f4t par une contrebasse profonde et habit\u00e9e. Un d\u00e9chirement de douleur, un chant d\u2019amour, un cri de col\u00e8re\u2026 r\u00e9sonne dans l\u2019espace sonore cr\u00e9\u00e9 par une guitare aux rythmes tendres et m\u00e9tiss\u00e9s. lecture musicale, trois formats : 60 min \/ &hellip; <\/p>\n<p class=\"link-more\"><a href=\"http:\/\/www.endogene.fr\/?page_id=315\" class=\"more-link\">Continuer la lecture<span class=\"screen-reader-text\"> de &laquo;&nbsp;S\u00e9isme(s)&nbsp;&raquo;<\/span><\/a><\/p>\n","protected":false},"author":1,"featured_media":0,"parent":0,"menu_order":0,"comment_status":"closed","ping_status":"closed","template":"","meta":[],"_links":{"self":[{"href":"http:\/\/www.endogene.fr\/index.php?rest_route=\/wp\/v2\/pages\/315"}],"collection":[{"href":"http:\/\/www.endogene.fr\/index.php?rest_route=\/wp\/v2\/pages"}],"about":[{"href":"http:\/\/www.endogene.fr\/index.php?rest_route=\/wp\/v2\/types\/page"}],"author":[{"embeddable":true,"href":"http:\/\/www.endogene.fr\/index.php?rest_route=\/wp\/v2\/users\/1"}],"replies":[{"embeddable":true,"href":"http:\/\/www.endogene.fr\/index.php?rest_route=%2Fwp%2Fv2%2Fcomments&post=315"}],"version-history":[{"count":3,"href":"http:\/\/www.endogene.fr\/index.php?rest_route=\/wp\/v2\/pages\/315\/revisions"}],"predecessor-version":[{"id":406,"href":"http:\/\/www.endogene.fr\/index.php?rest_route=\/wp\/v2\/pages\/315\/revisions\/406"}],"wp:attachment":[{"href":"http:\/\/www.endogene.fr\/index.php?rest_route=%2Fwp%2Fv2%2Fmedia&parent=315"}],"curies":[{"name":"wp","href":"https:\/\/api.w.org\/{rel}","templated":true}]}}