{"id":99,"date":"2021-03-20T14:48:46","date_gmt":"2021-03-20T14:48:46","guid":{"rendered":"http:\/\/www.endogene.fr\/?page_id=99"},"modified":"2026-03-30T11:04:54","modified_gmt":"2026-03-30T11:04:54","slug":"presentation","status":"publish","type":"page","link":"http:\/\/www.endogene.fr\/?page_id=99","title":{"rendered":"Pr\u00e9sentation \/ Ligne artistique"},"content":{"rendered":"\r\n<p>\u00a0\u00a0\u00a0\u00a0\u00a0 Au printemps 2018, et fort de pr\u00e9c\u00e9dentes et heureuses exp\u00e9riences telle l\u2019installation vid\u00e9o \/ lecture performance dans\u00e9e <strong><em>Suppl\u00e9ments d\u2019\u00e2mes<\/em><\/strong>\u00a0(Emmanuelle Sarrouy, \u00c9milie Garetier, Jean-Paul Nogu\u00e8s) -que certains ont eu la chance d\u2019appr\u00e9cier sur Marseille, Toulouse ou Stuttgart\u2026 &#8211; \u00a0nous avons d\u00e9cid\u00e9, trouvant cela plus joyeux et plus judicieux, de rassembler nos \u00e9nergies afin de soutenir, d\u00e9velopper et r\u00e9aliser des projets artistiques au sein d\u2019un collectif d\u2019artistes, et de favoriser les \u00e9changes pluridisciplinaires qui nous tiennent \u00e0 c\u0153ur, dans l\u2019urgence de notre \u00e9poque, et m\u00ealant all\u00e8grement drame, image, danse, litt\u00e9rature, musique et multim\u00e9dia. D\u2019organiser, seuls ou en collaboration avec d\u2019autres structures, des spectacles et des manifestations culturelles. De donner un cadre \u00e0 un ensemble d&rsquo;artistes d\u00e9j\u00e0 existant.<\/p>\r\n<p>&nbsp;<\/p>\r\n\r\n\r\n\r\n<p>\u00a0\u00a0\u00a0\u00a0\u00a0 Ainsi est n\u00e9e l\u2019association loi 1901 <strong>Collectif Endog\u00e8ne<\/strong>, dont la ligne artistique est guid\u00e9e par la po\u00e9sie sous toutes ses formes, travail po\u00e9tique autour du texte, de l\u2019image, du son\u2026 utilisation possible de diff\u00e9rents m\u00e9dia en interaction de mani\u00e8re po\u00e9tique. De l\u2019intime vers l\u2019universel.<\/p>\r\n<p>&nbsp;<\/p>\r\n\r\n\r\n\r\n<p>\u00a0\u00a0\u00a0\u00a0\u00a0 Il s&rsquo;agit bien s\u00fbr de soutenir des artistes dans leurs cr\u00e9ations ou dans le d\u00e9veloppement de leurs projets : que ce soit pour la production (recherche de financements, de lieux de r\u00e9p\u00e9tition et de fabrication,\u00a0 d&rsquo;ateliers d&rsquo;\u00e9criture, etc.), pour la\u00a0 promotion (recherche de contrats) ou la diffusion (accompagnement technique et mat\u00e9riel des spectacles).<\/p>\r\n<p>&nbsp;<\/p>\r\n\r\n\r\n\r\n\r\n\r\n<p>\u00a0\u00a0\u00a0\u00a0\u00a0 Si le <strong>Collectif Endog\u00e8ne<\/strong>\u00a0refuse de se donner une ligne \u00e9ditoriale qui pourrait \u00eatre restrictive, il se d\u00e9gage cependant une volont\u00e9 de pr\u00e9senter des \u0153uvres hors des st\u00e9r\u00e9otypes habituels. Les seuls mots d\u2019ordre sont la singularit\u00e9 des sujets, l\u2019ouverture formelle, et la libert\u00e9 discursive.<\/p>\r\n\r\n\r\n\r\n<p>\u00a0\u00a0\u00a0\u00a0\u00a0 Si vous souhaitez nous rejoindre en tant qu&rsquo;artiste et\/ou nous soutenir en tant que membre, nous vous invitons \u00e0 <a href=\"https:\/\/www.helloasso.com\/associations\/collectif-endogene\/adhesions\/adhesion-collectif-endogene-2026\" target=\"_blank\" rel=\"noopener noreferrer\">adh\u00e9rer<\/a> \u00e0 l&rsquo;association.<\/p>\r\n<p>&nbsp;<\/p>\r\n\r\n\r\n\r\n<p>CONTACT <br \/>Cit\u00e9 des Associations\u00a0 Bo\u00eete 351 93, la Canebi\u00e8re 13001 Marseille, France Association Loi 1901 \u2013 RNA W133027893<\/p>\r\n\r\n\r\n\r\n<p>+33 (0)6 11 80 70 68<br \/>collectif@endogene.fr<\/p>\r\n<p>&nbsp;<\/p>\r\n<p><strong>MEMBRES DU COLLECTIF :<\/strong><br \/><a href=\"http:\/\/emmanuellesarrouy.com\/\" target=\"_blank\" rel=\"noreferrer noopener\" aria-label=\"Emmanuelle Sarrouy  (s\u2019ouvre dans un nouvel onglet)\" data-rich-text-format-boundary=\"true\">Emmanuelle Sarrouy<\/a>, po\u00e8te, vid\u00e9aste, artiste hybride<br data-rich-text-line-break=\"true\" \/><a href=\"http:\/\/www.jeanpaulnogues.com\/\" target=\"_blank\" rel=\"noreferrer noopener\">Jean-Paul Nogu\u00e8s<\/a>, photographe, vid\u00e9aste<br data-rich-text-line-break=\"true\" \/><a href=\"http:\/\/www.fredsalles.com\/\" target=\"_blank\" rel=\"noreferrer noopener\">Fr\u00e9d\u00e9ric Salles<\/a>, guitariste, ing\u00e9nieur du son<br data-rich-text-line-break=\"true\" \/><a href=\"https:\/\/www.samuelbester.com\" target=\"_blank\" rel=\"noreferrer noopener\" aria-label=\"Samuel Bester (s\u2019ouvre dans un nouvel onglet)\">Samuel Bester<\/a>, vid\u00e9aste, exp\u00e9rimentateur sonore<br data-rich-text-line-break=\"true\" \/><a href=\"http:\/\/cciccolella.com\/\" target=\"_blank\" rel=\"noreferrer noopener\">Claude Ciccolella<\/a>, vid\u00e9aste<br data-rich-text-line-break=\"true\" \/>H\u00e9l\u00e8ne Bez, graphiste<\/p>\r\n","protected":false},"excerpt":{"rendered":"<p>\u00a0\u00a0\u00a0\u00a0\u00a0 Au printemps 2018, et fort de pr\u00e9c\u00e9dentes et heureuses exp\u00e9riences telle l\u2019installation vid\u00e9o \/ lecture performance dans\u00e9e Suppl\u00e9ments d\u2019\u00e2mes\u00a0(Emmanuelle Sarrouy, \u00c9milie Garetier, Jean-Paul Nogu\u00e8s) -que certains ont eu la chance d\u2019appr\u00e9cier sur Marseille, Toulouse ou Stuttgart\u2026 &#8211; \u00a0nous avons d\u00e9cid\u00e9, trouvant cela plus joyeux et plus judicieux, de rassembler nos \u00e9nergies afin de soutenir, &hellip; <\/p>\n<p class=\"link-more\"><a href=\"http:\/\/www.endogene.fr\/?page_id=99\" class=\"more-link\">Continuer la lecture<span class=\"screen-reader-text\"> de &laquo;&nbsp;Pr\u00e9sentation \/ Ligne artistique&nbsp;&raquo;<\/span><\/a><\/p>\n","protected":false},"author":1,"featured_media":0,"parent":0,"menu_order":0,"comment_status":"closed","ping_status":"closed","template":"","meta":[],"_links":{"self":[{"href":"http:\/\/www.endogene.fr\/index.php?rest_route=\/wp\/v2\/pages\/99"}],"collection":[{"href":"http:\/\/www.endogene.fr\/index.php?rest_route=\/wp\/v2\/pages"}],"about":[{"href":"http:\/\/www.endogene.fr\/index.php?rest_route=\/wp\/v2\/types\/page"}],"author":[{"embeddable":true,"href":"http:\/\/www.endogene.fr\/index.php?rest_route=\/wp\/v2\/users\/1"}],"replies":[{"embeddable":true,"href":"http:\/\/www.endogene.fr\/index.php?rest_route=%2Fwp%2Fv2%2Fcomments&post=99"}],"version-history":[{"count":10,"href":"http:\/\/www.endogene.fr\/index.php?rest_route=\/wp\/v2\/pages\/99\/revisions"}],"predecessor-version":[{"id":741,"href":"http:\/\/www.endogene.fr\/index.php?rest_route=\/wp\/v2\/pages\/99\/revisions\/741"}],"wp:attachment":[{"href":"http:\/\/www.endogene.fr\/index.php?rest_route=%2Fwp%2Fv2%2Fmedia&parent=99"}],"curies":[{"name":"wp","href":"https:\/\/api.w.org\/{rel}","templated":true}]}}